{"id":11,"date":"2020-01-03T12:53:31","date_gmt":"2020-01-03T11:53:31","guid":{"rendered":"http:\/\/naturedescimes.com\/?page_id=11"},"modified":"2021-02-17T20:11:10","modified_gmt":"2021-02-17T19:11:10","slug":"presentation","status":"publish","type":"page","link":"https:\/\/naturedescimes.com\/","title":{"rendered":"Pr\u00e9sentation"},"content":{"rendered":"\n<p class=\"has-accent-color has-text-color has-large-font-size\"><strong>Nature des Cimes<\/strong> vous propose des activit\u00e9s sportives de pleine nature \u00e0 la d\u00e9couverte de l&rsquo;environnement. Que ce soit en montagne ou dans les arbres, offrez-vous un voyage sensoriel et ajoutez une page d&rsquo;aventure \u00e0 votre vie.&nbsp;<\/p>\n\n\n\n<div class=\"wp-block-image\"><figure class=\"alignright size-medium\"><img loading=\"lazy\" width=\"300\" height=\"185\" src=\"http:\/\/naturedescimes.com\/wp-content\/uploads\/2020\/05\/P7230439_v1-300x185.jpg\" alt=\"\" class=\"wp-image-220\" srcset=\"https:\/\/naturedescimes.com\/wp-content\/uploads\/2020\/05\/P7230439_v1-300x185.jpg 300w, https:\/\/naturedescimes.com\/wp-content\/uploads\/2020\/05\/P7230439_v1-1024x633.jpg 1024w, https:\/\/naturedescimes.com\/wp-content\/uploads\/2020\/05\/P7230439_v1-768x475.jpg 768w, https:\/\/naturedescimes.com\/wp-content\/uploads\/2020\/05\/P7230439_v1-1536x949.jpg 1536w, https:\/\/naturedescimes.com\/wp-content\/uploads\/2020\/05\/P7230439_v1-2048x1266.jpg 2048w, https:\/\/naturedescimes.com\/wp-content\/uploads\/2020\/05\/P7230439_v1-900x556.jpg 900w, https:\/\/naturedescimes.com\/wp-content\/uploads\/2020\/05\/P7230439_v1-1280x791.jpg 1280w\" sizes=\"(max-width: 300px) 100vw, 300px\" \/><\/figure><\/div>\n\n\n\n<p><strong>Des <a href=\"http:\/\/naturedescimes.com\/index.php\/randonnees\/\">randonn\u00e9es<\/a><\/strong> pour d\u00e9couvrir les secrets de la vie en montagne et des <strong>exp\u00e9riences d\u2019immersion dans la nature<\/strong>, vous sont propos\u00e9es sur des th\u00e9matiques vari\u00e9es. Apprenez \u00e0 vous orienter, \u00e0 cuisiner et \u00e0 vous abriter dans la nature. Si vous voulez en savoir plus sur la for\u00eat, la montagne, la rivi\u00e8re et leurs habitants les sorties de Nature des Cimes sont faites pour vous.<\/p>\n\n\n\n<div class=\"wp-block-image\"><figure class=\"alignright size-medium\"><img loading=\"lazy\" width=\"300\" height=\"200\" src=\"http:\/\/naturedescimes.com\/wp-content\/uploads\/2020\/05\/P8010578-300x200.jpg\" alt=\"\" class=\"wp-image-210\" srcset=\"https:\/\/naturedescimes.com\/wp-content\/uploads\/2020\/05\/P8010578-300x200.jpg 300w, https:\/\/naturedescimes.com\/wp-content\/uploads\/2020\/05\/P8010578-1024x683.jpg 1024w, https:\/\/naturedescimes.com\/wp-content\/uploads\/2020\/05\/P8010578-768x512.jpg 768w, https:\/\/naturedescimes.com\/wp-content\/uploads\/2020\/05\/P8010578-1536x1024.jpg 1536w, https:\/\/naturedescimes.com\/wp-content\/uploads\/2020\/05\/P8010578-2048x1365.jpg 2048w, https:\/\/naturedescimes.com\/wp-content\/uploads\/2020\/05\/P8010578-900x600.jpg 900w, https:\/\/naturedescimes.com\/wp-content\/uploads\/2020\/05\/P8010578-1280x853.jpg 1280w\" sizes=\"(max-width: 300px) 100vw, 300px\" \/><\/figure><\/div>\n\n\n\n<p>Vous r\u00eavez d&rsquo;<strong>acc\u00e9der \u00e0 la cime des arbres<\/strong> ? Prenez le temps de les rencontrer sous un autre angle et venez d\u00e9couvrir la <a href=\"http:\/\/naturedescimes.com\/index.php\/grimpe-darbre\/\"><strong>grimpe d&rsquo;arbres<\/strong><\/a>. Le temps d\u2019un go\u00fbter, d\u2019une journ\u00e9e ou pour un bivouac, vous pratiquerez une activit\u00e9 sportive, sensorielle et ludique.<\/p>\n\n\n\n<p>Nature des Cimes intervient principalement en <strong>Is\u00e8re<\/strong>, dans les espaces naturels de <strong>Grenoble-Alpes m\u00e9tropole<\/strong> et dans les massifs qui l&rsquo;entoure (<strong>Chartreuse, Vercors, Belledonne, \u00c9crins<\/strong>). Du Gr\u00e9sivaudan \u00e0 l&rsquo;Oisans, dans le Valbonnais, la Mathesyne ou le Tri\u00e8ves, nos activit\u00e9s s&rsquo;organisent au plus pr\u00e8s de chez vous. Pour toute demande particuli\u00e8re, n&rsquo;h\u00e9sitez pas \u00e0 nous <a href=\"http:\/\/naturedescimes.com\/index.php\/contact\/\"><strong>contacter<\/strong><\/a> et <strong>laissez-vous guider<\/strong>.<\/p>\n\n\n\n<div class=\"wp-block-image\"><figure class=\"aligncenter size-full\"><img loading=\"lazy\" width=\"954\" height=\"767\" src=\"http:\/\/naturedescimes.com\/wp-content\/uploads\/2020\/05\/carte_intervention.png\" alt=\"\" class=\"wp-image-218\" srcset=\"https:\/\/naturedescimes.com\/wp-content\/uploads\/2020\/05\/carte_intervention.png 954w, https:\/\/naturedescimes.com\/wp-content\/uploads\/2020\/05\/carte_intervention-300x241.png 300w, https:\/\/naturedescimes.com\/wp-content\/uploads\/2020\/05\/carte_intervention-768x617.png 768w, https:\/\/naturedescimes.com\/wp-content\/uploads\/2020\/05\/carte_intervention-900x724.png 900w\" sizes=\"(max-width: 954px) 100vw, 954px\" \/><\/figure><\/div>\n\n\n<p><!-- Default Statcounter code for Mon site http:\/\/www.naturedescimes.com --><br>\n<script type=\"text\/javascript\"><br \/>\nvar sc_project=12481613;<br \/>\nvar sc_invisible=1;<br \/>\nvar sc_security=\"4a5a75b5\";<br \/>\nvar sc_https=1;<br \/>\n<\/script><br>\n<script type=\"text\/javascript\" <=\"\" p=\"\"><\/script><\/p>","protected":false},"excerpt":{"rendered":"<p>Nature des Cimes vous propose des activit\u00e9s sportives de pleine nature \u00e0 la d\u00e9couverte de l&rsquo;environnement. Que ce soit en montagne ou dans les arbres, offrez-vous un voyage sensoriel et ajoutez une page d&rsquo;aventure \u00e0 votre vie.&nbsp; Des randonn\u00e9es pour d\u00e9couvrir les secrets de la vie en montagne et des exp\u00e9riences d\u2019immersion dans la nature, [&hellip;]<\/p>\n","protected":false},"author":1,"featured_media":0,"parent":0,"menu_order":0,"comment_status":"closed","ping_status":"closed","template":"","meta":[],"_links":{"self":[{"href":"https:\/\/naturedescimes.com\/index.php\/wp-json\/wp\/v2\/pages\/11"}],"collection":[{"href":"https:\/\/naturedescimes.com\/index.php\/wp-json\/wp\/v2\/pages"}],"about":[{"href":"https:\/\/naturedescimes.com\/index.php\/wp-json\/wp\/v2\/types\/page"}],"author":[{"embeddable":true,"href":"https:\/\/naturedescimes.com\/index.php\/wp-json\/wp\/v2\/users\/1"}],"replies":[{"embeddable":true,"href":"https:\/\/naturedescimes.com\/index.php\/wp-json\/wp\/v2\/comments?post=11"}],"version-history":[{"count":14,"href":"https:\/\/naturedescimes.com\/index.php\/wp-json\/wp\/v2\/pages\/11\/revisions"}],"predecessor-version":[{"id":257,"href":"https:\/\/naturedescimes.com\/index.php\/wp-json\/wp\/v2\/pages\/11\/revisions\/257"}],"wp:attachment":[{"href":"https:\/\/naturedescimes.com\/index.php\/wp-json\/wp\/v2\/media?parent=11"}],"curies":[{"name":"wp","href":"https:\/\/api.w.org\/{rel}","templated":true}]}}