{"id":73,"date":"2020-03-06T15:31:07","date_gmt":"2020-03-06T14:31:07","guid":{"rendered":"http:\/\/naturedescimes.com\/?page_id=73"},"modified":"2020-05-25T17:54:55","modified_gmt":"2020-05-25T15:54:55","slug":"partenaires","status":"publish","type":"page","link":"https:\/\/naturedescimes.com\/index.php\/partenaires\/","title":{"rendered":"Partenaires"},"content":{"rendered":"\n<p><a href=\"http:\/\/cabaneschartreuse-insolite.fr\/\">Cabanes Chartreuse Insolite<\/a>, h\u00e9bergements insolites au c\u0153ur du Parc naturel R\u00e9gional de Chartreuse.<\/p>\n\n\n\n<p><a href=\"https:\/\/www.cartusiana.com\">Cartusiana<\/a>, bureau montagne de Chartreuse, regroupant des professionnels des sports de montagne&nbsp;ind\u00e9pendants.<\/p>\n\n\n\n<p><a href=\"http:\/\/www.couleurnature.info\">Couleur Nature<\/a>, centre de vacances de la FOL26 accueillant des classes d\u00e9couvertes entre Tri\u00e8ves et Devoluy.<\/p>\n\n\n\n<p><a href=\"http:\/\/voyageursdescimes.com\/\">Les Voyageurs des Cimes<\/a>, collectif de passionn\u00e9s de la plan\u00e8te verte, des cimes et des \u00eatres.<\/p>\n\n\n\n<p><a href=\"http:\/\/www.vacances-scientifiques.com\/\">Objectif Sciences International<\/a>, organisation non gouvernementale menant \u00e0 bien des projets d\u2019\u00e9ducation aux sciences et de sciences citoyennes.<\/p>\n\n\n\n<p><a href=\"https:\/\/www.planete-sciences.org\/aura\/\">Plan\u00e8te Sciences Auvergne-Rh\u00f4ne-Alpes<\/a>, association d\u2019\u00e9ducation populaire pour la diffusion de la culture scientifique et technique.<\/p>\n\n\n\n<p><a href=\"https:\/\/grenoble.takamaka.fr\/fr\/\">Takamaka<\/a>, sp\u00e9cialiste des sports <em>outdoor<\/em> sur Grenoble, organisateur de s\u00e9minaire, <em>Team building<\/em>.<\/p>\n","protected":false},"excerpt":{"rendered":"<p>Cabanes Chartreuse Insolite, h\u00e9bergements insolites au c\u0153ur du Parc naturel R\u00e9gional de Chartreuse. Cartusiana, bureau montagne de Chartreuse, regroupant des professionnels des sports de montagne&nbsp;ind\u00e9pendants. Couleur Nature, centre de vacances de la FOL26 accueillant des classes d\u00e9couvertes entre Tri\u00e8ves et Devoluy. Les Voyageurs des Cimes, collectif de passionn\u00e9s de la plan\u00e8te verte, des cimes et [&hellip;]<\/p>\n","protected":false},"author":1,"featured_media":0,"parent":0,"menu_order":0,"comment_status":"closed","ping_status":"closed","template":"full-width-page-template.php","meta":[],"_links":{"self":[{"href":"https:\/\/naturedescimes.com\/index.php\/wp-json\/wp\/v2\/pages\/73"}],"collection":[{"href":"https:\/\/naturedescimes.com\/index.php\/wp-json\/wp\/v2\/pages"}],"about":[{"href":"https:\/\/naturedescimes.com\/index.php\/wp-json\/wp\/v2\/types\/page"}],"author":[{"embeddable":true,"href":"https:\/\/naturedescimes.com\/index.php\/wp-json\/wp\/v2\/users\/1"}],"replies":[{"embeddable":true,"href":"https:\/\/naturedescimes.com\/index.php\/wp-json\/wp\/v2\/comments?post=73"}],"version-history":[{"count":5,"href":"https:\/\/naturedescimes.com\/index.php\/wp-json\/wp\/v2\/pages\/73\/revisions"}],"predecessor-version":[{"id":166,"href":"https:\/\/naturedescimes.com\/index.php\/wp-json\/wp\/v2\/pages\/73\/revisions\/166"}],"wp:attachment":[{"href":"https:\/\/naturedescimes.com\/index.php\/wp-json\/wp\/v2\/media?parent=73"}],"curies":[{"name":"wp","href":"https:\/\/api.w.org\/{rel}","templated":true}]}}